 what is -21000220220000 - 1000?
-21000220221000
In base 12, what is 3005a1 - 2a?
300573
In base 12, what is 99854b + -10?
99853b
In base 13, what is -276 - 2cc2b?
-301a4
In base 3, what is -12 - 102212122201?
-102212122220
In base 12, what is -3880 - 4b345?
-53005
In base 10, what is 4081328 - -6?
4081334
In base 2, what is -10111000 - 1110110010111000?
-1110110101110000
In base 6, what is 1 - 1120512405?
-1120512404
In base 10, what is 1204 + 3197?
4401
In base 6, what is -24 - -115001505?
115001441
In base 16, what is -2d + 11a5afe?
11a5ad1
In base 7, what is -5 + -111604554?
-111604562
In base 5, what is 24030404 + -41?
24030313
In base 4, what is -22012310222 - -23?
-22012310133
In base 15, what is -1 - 163b96d?
-163b96e
In base 7, what is -11610450266 - -5?
-11610450261
In base 14, what is -1009 + -2a9?
-12b4
In base 16, what is 7 - 400d8f?
-400d88
In base 5, what is 412 - 431032040?
-431031123
In base 12, what is -13442 - 5b?
-134a1
In base 9, what is 235072 - 3?
235068
In base 13, what is 28 - 148023b?
-1480213
In base 12, what is 5 + 4764997?
47649a0
In base 16, what is -1281 - 247?
-14c8
In base 14, what is 3d2 - 11187?
-10b95
In base 11, what is 762 + -1a809?
-1a057
In base 15, what is 81d22 - 114?
81c0d
In base 5, what is -34031203 - 304?
-34032012
In base 9, what is 125 - 2204844?
-2204718
In base 10, what is 23 + -27845?
-27822
In base 10, what is -1442 - 1165?
-2607
In base 2, what is -100 + 1111101001010110111011?
1111101001010110110111
In base 16, what is 2263cf - -2?
2263d1
In base 10, what is 31998 + -1550?
30448
In base 5, what is -110 + 2141313?
2141203
In base 7, what is -1100 - 144221?
-145321
In base 15, what is 3a88ec8 - -4?
3a88ecc
In base 14, what is 46 - 112554?
-11250c
In base 7, what is -12 + 1601602?
1601560
In base 3, what is -112110010111120 - 1?
-112110010111121
In base 14, what is 2a - -1a939?
1a965
In base 14, what is -47 + 3251d?
324b6
In base 12, what is 6a - 53695?
-53627
In base 9, what is -878 - 175060?
-176048
In base 13, what is a + -6b56099?
-6b5608c
In base 8, what is -57500 - -12143?
-45335
In base 15, what is 4 - -2b03517?
2b0351b
In base 3, what is -21100212210 - -200?
-21100212010
In base 13, what is 1107 + 2355?
345c
In base 7, what is -2125012 + 4433?
-2120246
In base 12, what is 7195108 + 0?
7195108
In base 9, what is -22047 - 26035?
-48083
In base 3, what is -1112 - -22211020?
22202201
In base 4, what is 1122 - -300330102?
300331230
In base 5, what is -11322031 - 23?
-11322104
In base 10, what is 10905 + 25062?
35967
In base 9, what is -325743782 - -1?
-325743781
In base 5, what is 4 - -341423403?
341423412
In base 7, what is 53611 - -20114?
104025
In base 7, what is 6 + 45353415?
45353424
In base 3, what is -12 + 21020200120?
21020200101
In base 2, what is -1110000011110001000 + -11000?
-1110000011110100000
In base 16, what is -6a04ace0 + -5?
-6a04ace5
In base 5, what is 122404402 - 2?
122404400
In base 4, what is 2000023320323 + 2?
2000023320331
In base 15, what is 284 - -27a?
50e
In base 11, what is 815 - -199216?
199a30
In base 4, what is -313201212 + -1120?
-313202332
In base 6, what is 555 + 522441032?
522442031
In base 12, what is -5 + 287016?
287011
In base 3, what is 120200010 - 1110121?
112012112
In base 9, what is 36501 - 447?
36043
In base 13, what is 43245 + 23a?
43482
In base 2, what is -11111000111011001100010100 - 111?
-11111000111011001100011011
In base 12, what is -42571 + 68?
-42505
In base 6, what is 1522125 + -151?
1521534
In base 4, what is -132112323 + 1?
-132112322
In base 8, what is -56737 - 163?
-57122
In base 14, what is -6807b11 + -2?
-6807b13
In base 11, what is -116812145 - -2?
-116812143
In base 8, what is 13353410 - 1?
13353407
In base 10, what is -666 + 130212?
129546
In base 3, what is -101020022 - 202221?
-102000020
In base 5, what is -202333221 + -2?
-202333223
In base 10, what is -183 - 87460?
-87643
In base 9, what is -43834174 + 2?
-43834172
In base 2, what is -1010001110010100110111011 + 1011?
-1010001110010100110110000
In base 9, what is -153267 + -448?
-153726
In base 5, what is 104000200200 - 3?
104000200142
In base 14, what is 9 - 426985?
-42697a
In base 10, what is -146630 + -1345?
-147975
In base 15, what is 2 - 1374912c?
-1374912a
In base 9, what is 104034 - 14?
104020
In base 10, what is 1 - -29784182?
29784183
In base 7, what is 11 + 4435046?
4435060
In base 10, what is -14301 + 1118?
-13183
In base 9, what is 8482727 + 14?
8482742
In base 2, what is 0 - 100000111100001100100010111?
-100000111100001100100010111
In base 6, what is 225 - -3333315?
3333544
In base 9, what is -5 + -13078148?
-13078154
In base 11, what is 2735944 + -10?
2735934
In base 7, what is -16 + -1215401?
-1215420
In base 6, what is -2 - 1034120015?
-1034120021
In base 9, what is 8 - 1020402?
-1020383
In base 6, what is -3 - 133353230?
-133353233
In base 12, what is -690572 + -23?
-690595
In base 8, what is 13 - -553106?
553121
In base 6, what is -24004323 - 2400?
-24011123
In base 12, what is 2483 - 359?
2126
In base 7, what is 136253 - -224?
136510
In base 14, what is 9d127 + -4b?
9d0ba
In base 8, what is -75732665 - -64?
-75732601
In base 2, what is -1100 - 100001110101110?
-100001110111010
In base 7, what is 4 - 232023006?
-232023002
In base 8, what is -4 + -1250516?
-1250522
In base 5, what is -230 - 1023420100?
-1023420330
In base 15, what is 2db9164 - 8?
2db915b
In base 2, what is -1000110011 + 10001101100001100?
10001100011011001
In base 4, what is -1221312 - -2001012?
113100
In base 5, what is -32 - -110124200?
110124113
In base 9, what is -620485688 - 5?
-620485704
In base 16, what is 2 + -20e0d31?
-20e0d2f
In base 2, what is -11011110010101011110 + -110?
-11011110010101100100
In base 5, what is -102 + 2010311223?
2010311121
In base 7, what is 1235314611 + -41?
1235314540
In base 4, what is -13100202033 - 11?
-13100202110
In base 15, what is 5 - -332354e?
3323554
In base 9, what is -1330804 - 34?
-1330838
In base 10, what is -219480962 - 4?
-219480966
In base 14, what is 19a - 74ad?
-7313
In base 4, what is -11022021103 - 31?
-11022021200
In base 5, what is 1320313203 - 43?
1320313110
In base 13, what is -4 - -22255627?
22255623
In base 2, what is 100001101100001010110 + 10010011?
100001101100011101001
In base 5, what is -13013103343 - 1?
-13013103344
In base 6, what is -2 + 44251211?
44251205
In base 12, what is 782836b + 2?
7828371
In base 3, what is -1202 - 20220210220?
-20220212122
In base 8, what is -6 - 106244066?
-106244074
In base 16, what is 3a43ed - 1a?
3a43d3
In base 10, what is 10806438 + -14?
10806424
In base 4, what is -1031201132 + 111?
-1031201021
In base 10, what is -3533 - 23103?
-26636
In base 10, what is -4 + -5827286?
-5827290
In base 3, what is -12211 - 202211021?
-210001002
In base 9, what is -176 + 444435?
444248
In base 11, what is -41156aa - 1?
-4115700
In base 16, what is 2a1b9b9 - 3?
2a1b9b6
In base 12, what is -2a + 265670?
265642
In base 15, what is 174303 + 28?
17432b
In base 15, what is -b - 5db0e7?
-5db103
In base 13, what is -3 - -178aab6?
178aab3
In base 8, what is 22 + 2350115?
2350137
In base 13, what is -167 + 5771b?
57584
In base 12, what is -7935 - 1176?
-8aab
In base 2, what is 1 - 1011000100001100101010101111?
-1011000100001100101010101110
In base 7, what is -1010420 - -1502?
-1005615
In base 4, what is 3110120 - -11313132?
21023312
In base 15, what is 78 - -3e531?
3e5a9
In base 15, what is -142a4 + -1684?
-15938
In base 6, what is -13 - 2430510155?
-2430510212
In base 9, what is 8527635 + -4?
8527631
In base 13, what is -7c6 + a454?
995b
In base 15, what is -a52 + 8462?
7910
In base 4, what is 2221 + 11103203213?
11103212100
In base 16, what is 63 + -11ca6?
-11c43
In base 14, what is -12 + -122577?
-122589
In base 8, what is 224144612 - -21?
224144633
In base 8, what is 47 - 1002070?
-1002021
In base 8, what is -31144170 - -21?
-31144147
In base 4, what is -20 - 222211131022?
-222211131102
In base 7, what is 226 + -2525651?
-2525422
In base 13, what is -134 + 7c72?
7b3b
In base 9, what is -12887166 - -28?
-12887137
In base 6, what is 1245523 + 10143?
1300110
In base 6, what is -134 - 53404315?
-53404453
In base 13, what is 4 + -cb8a349?
-cb8a345
In base 11, what is 14 + -8100994?
-8100980
In base 8, what is 6 + -10165